= -3*l(x) - 2*m(x). Let z(o) = -3*j(o) + 4*k(o). Give z(c).
-14
Let p(q) = q - 27. Let t = -15546 + 15573. Calculate p(t).
0
Suppose -5*h - 25 = 3*x, -5*x - 10 = 13*h - 11*h. Let s be ((-10)/(-8))/((-3)/(-12)). Let c(l) = -s*l - 4*l + 4*l - l**2 - l - 3. What is c(h)?
2
Suppose -140 = 5*s + 15. Let w = s - -31. Suppose 6*u - 10*u = w. Let y(h) = h**2 + h - 2. Give y(u).
-2
Let b(v) be the third derivative of -v**6/360 - 11*v**5/120 + v**4/6 + 5*v**3/6 + 2*v**2 + 28*v. Let w(n) be the first derivative of b(n). Calculate w(-9).
22
Let f(k) = -k**2 - 3*k + 18. Suppose 5*x - 165 = 5*i, -2*x + 11*i = 10*i - 61. Suppose -x*g - 148 = 20. What is f(g)?
0
Let f(t) = -29 + 61 + 10*t + 9*t**2 + t**3 + 9*t - 31. Determine f(-4).
5
Let l(r) be the second derivative of r**3/3 + 9*r**2/2 - 57*r. Let p(q) = -5*q + 21. Let x be p(5). What is l(x)?
1
Let j(u) = u**3 + 6*u**2 - 42*u - 16. Let k(m) = 4*m**3 + 23*m**2 - 173*m - 64. Let f(a) = -9*j(a) + 2*k(a). What is f(-11)?
27
Let i(s) = 26*s**3 + 15*s**2 + 3*s - 3. Let x(t) = -7*t**3 - 4*t**2 - t + 1. Let q(p) = -6*i(p) - 22*x(p). What is q(2)?
-20
Let y(c) = -c**3 - 23*c**2 - 42*c + 10. Let w be y(-21). Let s(f) = -w*f**2 + 0*f**2 + 6080 - 6088 + f**3 + f. What is s(10)?
2
Let z(d) be the second derivative of -2*d**3/3 + 8*d**2 + 107*d. Let n be z(5). Let i(b) = -11*b - 3. Determine i(n).
41
Let b be (-34)/(-8) - (-4)/(-16). Suppose b*a - 3*c + 22 = -2*c, -8 = 4*c. Let w(l) = -49 + 0*l + l - 64 + 116. Determine w(a).
-3
Let l(s) = -2*s + 4. Let p(h) = 21*h - 1. Let n be p(1). Suppose -5*i + n = -5*f, -20*i + 17 = -18*i + f. Determine l(i).
-10
Let y be 30 - (5 + (0 - -10)). Let o(q) = -q**2 + 10*q + 63. Give o(y).
-12
Suppose -11*l + 41 = 8. Let v(h) be the third derivative of -h**6/120 + h**5/12 - 5*h**4/24 + h**3/3 - 55*h**2 - 1. Give v(l).
5
Let g(b) = 4*b + 370 + 304 - 746. Determine g(26).
32
Let i be (-4)/(-22) + (2850/110)/(-5). Let f(r) = -r**2 - 6*r + 4. Let u(p) = -p. Let k(b) = i*u(b) - f(b). Give k(-10).
-14
Suppose -4*u + 20*w - 34 = 21*w, -3 = u + 3*w. Let x(a) = -45*a - 409. Calculate x(u).
-4
Let j = -478 + 201. Let f = j + 277. Let c(k) = -k - 18. Give c(f).
-18
Let y = -8 + 5. Let t(r) = 5*r**3 - 7*r**2 + 22*r + 12. Let u(h) = 43*h**3 - 62*h**2 + 191*h + 105. Let j(c) = 26*t(c) - 3*u(c). Calculate j(y).
9
Let a(t) = -4*t**2 + 9*t - 3. Let y(l) = 0*l**2 - 6*l**2 - 223*l + 237*l - 5. Let r(j) = -8*a(j) + 5*y(j). Let o be 5/(-10) + 5/2. What is r(o)?
3
Let r(t) = -4*t - 4. Let b be -4 - 7/(-1) - 7. Let u be r(b). Let p(f) = 5 - f**2 + 3 - 1 - u - f. Calculate p(0).
-5
Let i(u) = 3*u - 4. Let n = -33 + 32. Let j = n - -11. Suppose -8*k = -j*k + 8. Calculate i(k).
8
Let n be 10*(-1)/(-5) - (-1 - -1). Suppose -4*i - 26 = c, 47 + 11 = -5*c - n*i. Let v(y) = y**3 + 10*y**2 + y + 11. What is v(c)?
1
Let n(x) = 7*x - 3. Suppose 3*z - 7*z = 20. Let w(f) = -5*f - 2*f + 29*f - 10*f - 9*f - 1. Let j(u) = z*w(u) + 2*n(u). Give j(-3).
2
Let h = 88 + -72. Let u = h - 15. Let f(w) = 3 + 2*w**2 - 2 - 2*w - 2*w + 3*w. Calculate f(u).
2
Suppose 619 = 62*z - 125. Let d(l) be the first derivative of 1/2*l**2 - 10*l - z. Determine d(8).
-2
Suppose -5*u + 6 = -2*u. Let r(x) = 81*x**2 - x - 2 - 80*x**u + 6*x - x. Calculate r(-4).
-2
Let z(s) = -3*s + 4. Suppose -2*u - u = -9. Suppose u*i = 7*i - 12. Give z(i).
-5
Let n(t) = -3*t**2 - 27 + 10*t**2 + 11*t - 6*t**2 - 31 + 77. Determine n(-6).
-11
Let t(a) = -655*a + 367. Let y(s) = 928*s - 514. Let i(j) = -17*t(j) - 12*y(j). Calculate i(0).
-71
Let y(t) = 4*t + 1. Let j(c) = -2*c - 1. Suppose 2*i + 15 = -i. Let l(s) = i*j(s) - 2*y(s). Let b(m) = -2*m**2 - 32*m + 68. Let p be b(-18). Give l(p).
-5
Let m(j) = -j**3 - 2*j**2 + 8*j + 3. Let l be 3/7 - ((-567)/49 + 10). Suppose 4*t - 3 = 3*x, -l*x - t = -5*t - 2. Calculate m(x).
38
Let f(p) = -15*p - 15. Suppose -5 = 107*t - 102*t. Calculate f(t).
0
Let p(u) = u + 12. Let y(k) = k**2 + 9*k + 35. Let s(l) = -l**2 - 8*l - 35. Let r(o) = -6*s(o) - 7*y(o). Let g be r(-5). Suppose 7*z + 15 = g. What is p(z)?
12
Let g(u) be the third derivative of -u**4/24 + 5*u**3/6 - 873*u**2. Determine g(-2).
7
Let n(y) be the first derivative of 2*y**2 - 39*y + 2935. Give n(14).
17
Let v(a) = -3*a - 11. Let y be 8 + ((-11)/77 - (-54)/(-14)). Suppose 4*i - 8*i + 4*k = 24, y*i = -k - 34. Determine v(i).
13
Let d(o) be the second derivative of -o**5/20 - 7*o**4/4 + 73*o**3/6 + 17*o**2/2 + 7*o - 5. Give d(-24).
-7
Let x = -80 + 49. Let s = x + 49. Let r be 4 + s/(-2) - 0. Let y(m) = -m + 1. What is y(r)?
6
Let b(g) = -6 + 0 + 1 + 1582*g**2 - 7*g - 789*g**2 - 790*g**2 + g**3. Calculate b(-4).
7
Let d(t) = t**3 + 4*t**2 + 3. Suppose 5*l - 48 = 32. Let i(s) = -6 - l*s + 2*s**2 + 9 + 7. Let w be i(7). Calculate d(w).
3
Let b be ((-2)/(-4))/(319/(-110) + 3). Suppose -t - 35 = -5*s, -5*s - b*t - 34 = -99. Let n(p) = -2*p - 4. Calculate n(s).
-20
Let g(b) = -b**3 + b**2 + 5*b + 6. Suppose 29*t = 28*t - 2. Determine g(t).
8
Let p(m) = 197*m**2 - 51*m - 225. Let x(k) = 427*k**2 - 101*k - 453. Let u(g) = -13*p(g) + 6*x(g). Calculate u(-4).
-5
Let l(v) = -4*v**2 + 27*v - 8. Let n(p) = 5*p**2 - 23*p + 6. Let x(i) = 3*l(i) + 2*n(i). Determine x(19).
-69
Let o = -372 + 543. Let f be (-38)/o + (-130)/(-18). Let b(r) = r**2 - 10*r + 10. Determine b(f).
-11
Let r(f) = 146 - 72 - 2*f - 77. Give r(12).
-27
Let l(r) = r + 1. Let z(w) = -w**2 + 23*w - 19. Let q be z(22). Let k be (-4)/(4/q) - (-5 + -2). Suppose -4*i - 11 = 3*x, 3*i = -3*x + k*i - 1. What is l(x)?
0
Let m(a) = -a**2 + 2*a + 2. Suppose 33*l + 84 + 1104 = 0. Let k be (l/(-4) + -8)*1*5. What is m(k)?
-13
Let j(p) = -2*p**3 + 19*p**2 + 7*p + 35. Suppose -2*r = -8*r + 10 + 50. Calculate j(r).
5
Let l(a) = 5*a + 5. Suppose -21*o + 12 = -17*o. Let n(p) = 13*p + 16. Let c(q) = o*n(q) - 8*l(q). Calculate c(4).
4
Let x(u) be the second derivative of 0 + 3*u**2 - u + 1/2*u**3. Let r(y) = -6*y**3 + y**2 + y - 3. Let m be r(1). What is x(m)?
-15
Let l(o) = 2*o + 55*o + 3*o + 0*o + 14 - 65*o. Give l(11).
-41
Let w(s) be the first derivative of s**4/4 + s**2/2 - 41*s - 6792. What is w(0)?
-41
Suppose 0 = -321*g + 21*g + 3600. Let u(y) = y**3 - 14*y**2 + 25*y + 11. Give u(g).
23
Let x(p) = -3*p + 7. Let s be 4 + (-64)/14 + 282/(-21). Let h = -5 - s. Determine x(h).
-20
Let l be -3 - (-49)/((-49)/(-7)). Let v(i) = i - 4 - 5 + 4 + 0 + l. Let p = 8 - 6. Give v(p).
1
Let t(y) = 805*y - 94. Let u(i) = -502*i + 63. Let m(h) = -5*t(h) - 8*u(h). Give m(-7).
29
Let p(w) = 49*w + 1. Suppose 208*t + 246 + 170 = 0. Calculate p(t).
-97
Let r(l) = -28*l - 1. Let m be r(-2). Let v = 79 - m. Let n = 28 - v. Let b(f) = f**3 - 4*f**2 + 2*f - 5. Give b(n).
3
Let y(o) = -o**2 - 5*o + 8. Suppose 12*j - 2136 = 6*j. Suppose 17*w = -j + 1835. Let k = w - 94. Calculate y(k).
-6
Suppose -36 = 3*s - 2*l, -5*s + 6*l = 2*l + 62. Let c(w) be the third derivative of -w**5/60 - w**4/2 - 11*w**3/3 - 19704*w**2. Determine c(s).
-2
Let g(a) be the first derivative of -1/8*a**4 - 9/2*a**2 - 1/6*a**3 + 17 + 0*a. Let x(i) be the second derivative of g(i). Calculate x(-3).
8
Let k(b) = 18*b + b**3 + 35 + 2900*b**2 - 2891*b**2 + 33. Give k(-8).
-12
Let w(a) = -2*a + 2. Suppose -24*y + 29*y - 15 = 0. Let j be (-1)/(1 + 25/10 - y). Determine w(j).
6
Suppose 3*t + 4*i = 15, 4*i - 5*i = 3. Let n(p) = -7087*p + 7088*p + 18 - t. Let d = 1 + -1. Determine n(d).
9
Suppose -s - 25 = 8*s + 29. Let i(y) = 4*y + 30. What is i(s)?
6
Let v(s) = s**3 + 10*s**2 + 21*s - 12. Suppose 5*x = 850 - 880. Give v(x).
6
Let k = 111 - 67. Suppose 0 = a - 55 + k. Let b = -12 + a. Let q(s) = 8*s - 1. Give q(b).
-9
Let a(v) = -2*v**2 + 14327*v - 42968. Let y be a(3). Let q be (4/(-5))/((-4)/10). Let g(x) = 5*x + 3*x**2 + 3*x**q + x**3 + 1 + 0. What is g(y)?
1
Let p be (6/(-4))/(6/4). Let g be 4 + (0 - p) + 14 + -14. Let c(x) = x**2 - 4*x - 1. Give c(g).
4
Let k(d) be the first derivative of -11*d**4/4 + 3*d**3 + d**2 + 10*d + 70. Let n(s) = 2*s**3 + s - 1. Let p(y) = -k(y) - 6*n(y). What is p(-8)?
-4
Let s(c) = 0*c**3 - c**3 - 124*c**2 + 13*c - 24 + 10 + 118*c**2 - 4. Calculate s(-8).
6
Let q(r) be the second derivative of r**5/20 + 37*r**4/12 + 50*r**3/3 - 31*r**2 + 724*r. Calculate q(-34).
6
Let l(f) be the first derivative of f**2 + 5*f + 39. Suppose 2*r = -2*r + 108. Suppose -2